 v = 33 - 23. Let k be w(v). Suppose -2*m + 4*p + 55 = p, -m + 26 = -2*p. Calculate the greatest common factor of k and m.
8
Let y = 18 + -29. Let i = y - -21. Suppose -2*d + 10 = -0, -5*d + 235 = 3*o. Calculate the greatest common factor of i and o.
10
Let c be (-6)/7 + 1 + (-2090)/(-70). Suppose -137 = -4*x - 2*r + 25, -3*r - 157 = -4*x. Calculate the greatest common divisor of x and c.
10
Let k = 2615 - 1735. What is the greatest common divisor of k and 80?
80
Let a(d) = -3*d + 20. Let i be a(-12). What is the greatest common factor of i and 72?
8
Let z(f) = -6*f - 3. Let b be z(-1). Suppose i + 82 = -b*j, -j - 34 = -0*j + 2*i. Let k = j - -48. Calculate the highest common factor of k and 154.
22
Suppose 2*o = -2*o. Suppose -5*f = 5*w - 25, -4*f + 2*w + 19 + 31 = o. Calculate the highest common factor of 15 and f.
5
Let k(y) = 21*y - 42. Let u be k(8). What is the greatest common divisor of 42 and u?
42
Let b be 14*(-10)/(-245)*28. What is the highest common factor of b and 192?
16
Suppose -3*q = -x - 1, -5*q - 2*x = 1 - 21. Let a(h) = h**3 - 3*h**2 + 3*h. Let c be a(2). Calculate the greatest common divisor of c and q.
2
Suppose 0 = l - 3*f - 104, 11*l - 104 = 10*l - 3*f. Calculate the greatest common factor of l and 1664.
104
Let m(d) = d**2 + 9*d - 19. Let a be m(-10). Let h(p) = p**2 + 12*p + 30. Let x be h(a). Calculate the greatest common factor of 39 and x.
3
Suppose -4*c = 5*p - 71, -5*p + 94 = 5*c + 4. Let a be 11*19 - (0 - 0). Calculate the highest common divisor of a and c.
19
Suppose 29*p = 31*p - 6. Suppose 21 = 6*u + p. Suppose -16 = -u*l + l. What is the greatest common divisor of l and 72?
8
Let p be (-728)/(-7) - (-2)/2. Suppose -3*d + 15 = -2*d. What is the greatest common divisor of p and d?
15
Let a be ((-14)/4)/(11/44). Let q be a/(-4 + 3) - 0. Let u(m) = -3*m**3 - 7*m**2 - 5*m - 2. Let n be u(-4). What is the highest common factor of q and n?
14
Suppose -34 = -t - 39, 0 = -3*m - 3*t + 510. What is the highest common factor of m and 63?
7
Suppose -4*w + s - 21 = 0, 0*s - 21 = 3*w + s. Let l be (w - -3) + 16*1. Let y = l - 3. What is the highest common factor of y and 70?
10
Let z(i) = 5*i - 10. Suppose -j - 1 = -4. Let a be z(j). Calculate the greatest common factor of a and 35.
5
Let o(l) = -2*l**3 + 29*l**2 - 9*l + 65. Let r be o(14). What is the greatest common factor of 5 and r?
5
Let g(u) = u**3 + 6*u**2 + 2*u - 2. Let i be g(-4). Calculate the highest common factor of i and 99.
11
Let b = -73 + 77. Suppose 0 = -b*h - t + 449, t = -4*h - 2*t + 451. Let g be 114/8 - (-1)/(-4). Calculate the greatest common divisor of h and g.
14
Let t be ((-6)/(-9))/((-1)/(-54)). Let p be (36/14)/(3/105). Suppose p = -h + 6*h. What is the greatest common factor of t and h?
18
Suppose 0 = -3*h + 6, -h - 2*h - 23 = -d. Suppose 38 = 4*i + j - d, j = -i + 13. Let x = 809 - 665. Calculate the greatest common factor of i and x.
18
Let a = 20 - 16. Suppose 5*p - 3*t + 11 = 35, 3*t + 18 = a*p. Suppose -3*n + p*n = 210. Calculate the highest common factor of n and 10.
10
Let d(t) = t**3 - 28*t**2 + 28*t - 3. Let o be d(27). What is the greatest common factor of 9 and o?
3
Let i be (-2)/(-8) + (-385)/20. Let j = 35 + i. Let y be (4 - (-14)/(-4))*(34 - 2). What is the greatest common factor of j and y?
16
Suppose -9*x - 11 = -83. What is the greatest common divisor of x and 824?
8
Let q = 743 + -650. Calculate the greatest common divisor of 1488 and q.
93
Let t be (-95)/(-38) + 14/4. Suppose 98 = 5*b - 2*v, -5*b + 3*v = -9*b + 60. Calculate the greatest common divisor of b and t.
6
Let h(m) = -m**2 - 8*m - 2. Let d = 32 - 37. Let c be h(d). What is the greatest common divisor of c and 52?
13
Let n = -138 - -153. Let l(z) = 2*z**2 + 5*z + 2. Let k be l(-3). Calculate the highest common divisor of k and n.
5
Let x be 68/(-18) + 4 - (-1537)/9. Calculate the greatest common factor of 76 and x.
19
Let i(y) = 2*y - 6. Let g be i(5). Suppose 0*v - g*v - 3*x = -29, 37 = 4*v - 5*x. Suppose 46*u - 3514 + 938 = 0. What is the greatest common divisor of u and v?
8
Let z = 10 - -60. Calculate the greatest common divisor of 260 and z.
10
Suppose 3*u - 9 = 2*o, 4*o + 0*u + 5*u - 37 = 0. Suppose -5*l = o*b - 30, l - 9 = b - 11. Calculate the highest common factor of b and 40.
5
Let f be (-1018)/(-6) - 4/6. Suppose 0 = -0*b - 5*b + 5*a + 155, 0 = 4*b + 5*a - f. Let u = b - 18. What is the highest common factor of 2 and u?
2
Let m(u) = u**2 + 27 + 2*u + 3 + 0. Let t be m(-14). Suppose 3*i - 5*d - 1 - 90 = 0, 69 = 2*i - 5*d. What is the greatest common factor of t and i?
22
Let r(z) be the third derivative of z**4/8 + 2*z**3/3 + 5*z**2. Let m be r(-6). Let l = m - -20. Calculate the greatest common divisor of 1 and l.
1
Let a(u) = 4*u**3 + 4*u**2 + 3*u - 5. Let t be a(3). Suppose 3*l = 5*i + 309, -3*l = i - 143 - t. What is the highest common factor of l and 14?
14
Let x(y) = 66*y**2 + y + 2. Let s be x(-2). Suppose 0 = 5*n + 4*u - s, 236 = 4*n - 0*n - 3*u. What is the highest common factor of n and 7?
7
Let j = 76 - 41. What is the greatest common divisor of j and 280?
35
Let z(q) = -2*q**3 - 49*q**2 - 71*q - 37. Let j be z(-23). Let c(p) = p**2 - 7*p + 1. Let h be c(7). What is the greatest common divisor of h and j?
1
Let z = -67 - -193. Let a = 61 - 17. Let o be a/3 - (-4)/(-6). What is the greatest common divisor of o and z?
14
Let p be 1 + 0 - (-2 - 2). Suppose 0*x + p*x - 85 = -5*g, -3*x + 4*g + 16 = 0. Calculate the highest common divisor of x and 120.
12
Let n be (-4)/1*2 + 158. What is the greatest common divisor of 60 and n?
30
Let s = -1295 + 1301. Calculate the greatest common factor of s and 258.
6
Let k(l) = 6*l**2 - 1. Let h(i) = i - 14. Let j be h(18). Suppose y = -j*y - a, 4*a - 19 = -y. Let c be k(y). What is the greatest common factor of c and 45?
5
Let l(c) = -c**2 + c - 4. Let p be l(6). Let n = p + 58. Suppose n = -4*r + 84. What is the greatest common factor of r and 5?
5
Suppose 7*q + 16 = 5*q. Let a(f) = -6*f - 12. Let x be a(q). Calculate the highest common factor of 90 and x.
18
Let m be 2 - (-37 - -5*1/(-5)). What is the greatest common divisor of 40 and m?
40
Let d = 1 + -3. Let w = -18 - -17. Let y be 27 - (2/d)/w. What is the highest common divisor of y and 13?
13
Suppose -6*l - 395 = -11*l. Let i = l + -65. Calculate the greatest common divisor of 21 and i.
7
Let r(a) = a**3 - 3*a**2 + 10*a - 70. Let m be r(5). Let g = 6 + 4. What is the greatest common divisor of g and m?
10
Suppose 0*u - 4*u = 3*y - 3, -4*y + u + 23 = 0. Suppose 183 = y*o + 8. Calculate the highest common divisor of o and 7.
7
Let m(a) = a**2 + 9*a - 4. Let l be m(-11). Calculate the greatest common factor of l and 81.
9
Let k(p) = p**3 - 9*p**2 + 4*p + 14. Let f be k(9). Let v = 158 - 294. Let b = v + 261. Calculate the greatest common divisor of f and b.
25
Let o(z) = -5*z + 9. Let b be o(4). Let a(x) = x + 28. Let p be a(b). Let l be (-2)/8 - (-205)/4. Calculate the highest common divisor of l and p.
17
Let l(o) = -117*o + 7. Let c be l(-1). What is the greatest common divisor of c and 558?
62
Suppose -3*w + 1 - 14 = 4*v, 0 = 2*v - 2*w - 4. Let f be (v - 3 - -19) + 2. What is the highest common factor of 34 and f?
17
Suppose 89 = 5*a - 1. What is the greatest common divisor of 198 and a?
18
Let k = 436 - 422. What is the greatest common factor of k and 378?
14
Let y(w) = w**3 - 10*w**2 + 2*w - 20. Let a be y(10). Suppose s - 5*n - 10 - 20 = a, -3*s - n = -42. What is the greatest common factor of 6 and s?
3
Let n = -271 + 541. Suppose 4*f = 5*t + n, -f = -3*f + t + 138. Calculate the greatest common divisor of f and 28.
14
Let l be (-536)/(-48) - (-1)/(-6). What is the greatest common factor of l and 143?
11
Let k = 16 + 34. Suppose 5*t + 21 - 71 = 0. What is the greatest common divisor of t and k?
10
Suppose 70*h = 51*h + 2223. Calculate the highest common divisor of h and 3276.
117
Suppose 0 = k - 0*k - 39. Let s be 167/(-5) + (-13)/(-195)*6. Let a = s + k. What is the highest common divisor of a and 3?
3
Suppose 4*o + 26*t - 28*t = 824, -2*o + 400 = -4*t. What is the greatest common factor of o and 16?
16
Let x = 3121 - 2953. Let r(c) = -2*c**3 - 4*c - 3. Let v be r(-2). What is the greatest common factor of x and v?
21
Suppose -4*o - 19 = 3*n, 17 = 